{"id":164,"date":"2016-10-02T21:17:40","date_gmt":"2016-10-02T19:17:40","guid":{"rendered":"http:\/\/www.kutmon.com\/goldschmiede\/?page_id=164"},"modified":"2018-11-30T11:07:07","modified_gmt":"2018-11-30T10:07:07","slug":"impressum","status":"publish","type":"page","link":"http:\/\/www.kutmon.com\/goldschmiede\/impressum\/","title":{"rendered":"Impressum"},"content":{"rendered":"<p>F\u00fcr diese Website verantwortlicher Herausgeber:<\/p>\n<h3><strong>Kutmon Goldschmiede<\/strong><\/h3>\n<p>USt-IdNr. ATU51173803<\/p>\n<hr \/>\n<h3><strong>Unsere Kontaktdaten<\/strong><\/h3>\n<p>Lindrain 11<br \/>\n6068 Mils bei Hall<br \/>\n\u00d6sterreich<\/p>\n<p>Telefon: +43 (0) 664 \u2013 516 5 794<br \/>\nE-Mail: goldschmiede (at) kutmon.com<br \/>\nInternet:\u00a0<a href=\"http:\/\/www.kutmon.com\">www.kutmon.com<\/a><\/p>\n<hr \/>\n<h3>Unsere Bankverbindung<\/h3>\n<p>Bankname:\u00a0Raiffeisen Landesbank<br \/>\nIBAN:\u00a0AT04 3636 2000 0015 3965<br \/>\nBIC:\u00a0RZTIAT22362<\/p>\n<hr \/>\n<h3>Bildernachweis:<\/h3>\n<p>Das in diesem Internetauftritt enthaltene Bild- und Informationsmaterial ist geistiges Eigentum der Kutmon Goldschmiede. Die Kutmon Goldschmiede beh\u00e4lt sich alle Rechte vor. Reproduktionen, auch einzelner Ausz\u00fcge, sowohl in Form von Printmedien als auch durch Speicherung auf station\u00e4ren oder transportablen Speichermedien aller Art, ist untersagt und nur mit schriftlicher Genehmigung der Kutmon Goldschmiede gestattet. Bei missbr\u00e4uchlicher Verwendung macht die Kutmon Goldschmiede ihre Rechte geltend. Technische und\/oder gestalterische \u00c4nderungen vorbehalten.<\/p>\n<hr \/>\n<h3>Webdesign \/ Entwicklung<\/h3>\n<p>Kutmon Goldschmiede<\/p>\n","protected":false},"excerpt":{"rendered":"<p>F\u00fcr diese Website verantwortlicher Herausgeber: Kutmon Goldschmiede USt-IdNr. ATU51173803 Unsere Kontaktdaten Lindrain 11 6068 Mils bei Hall \u00d6sterreich Telefon: +43 (0) 664 \u2013 516 5 794 E-Mail: goldschmiede (at) kutmon.com Internet:\u00a0www.kutmon.com Unsere Bankverbindung Bankname:\u00a0Raiffeisen Landesbank IBAN:\u00a0AT04 3636 2000 0015 3965 BIC:\u00a0RZTIAT22362 Bildernachweis: Das in diesem Internetauftritt enthaltene Bild- und Informationsmaterial ist geistiges Eigentum der Kutmon Goldschmiede. Die Kutmon Goldschmiede beh\u00e4lt sich alle Rechte vor. Reproduktionen, auch einzelner Ausz\u00fcge, sowohl in Form von Printmedien als auch durch Speicherung auf station\u00e4ren oder transportablen Speichermedien aller Art, ist untersagt und nur mit schriftlicher Genehmigung der Kutmon Goldschmiede gestattet. Bei missbr\u00e4uchlicher Verwendung macht die <\/p>\n","protected":false},"author":2,"featured_media":0,"parent":0,"menu_order":0,"comment_status":"closed","ping_status":"closed","template":"","meta":{"footnotes":""},"class_list":["post-164","page","type-page","status-publish","hentry"],"_links":{"self":[{"href":"http:\/\/www.kutmon.com\/goldschmiede\/wp-json\/wp\/v2\/pages\/164","targetHints":{"allow":["GET"]}}],"collection":[{"href":"http:\/\/www.kutmon.com\/goldschmiede\/wp-json\/wp\/v2\/pages"}],"about":[{"href":"http:\/\/www.kutmon.com\/goldschmiede\/wp-json\/wp\/v2\/types\/page"}],"author":[{"embeddable":true,"href":"http:\/\/www.kutmon.com\/goldschmiede\/wp-json\/wp\/v2\/users\/2"}],"replies":[{"embeddable":true,"href":"http:\/\/www.kutmon.com\/goldschmiede\/wp-json\/wp\/v2\/comments?post=164"}],"version-history":[{"count":16,"href":"http:\/\/www.kutmon.com\/goldschmiede\/wp-json\/wp\/v2\/pages\/164\/revisions"}],"predecessor-version":[{"id":358,"href":"http:\/\/www.kutmon.com\/goldschmiede\/wp-json\/wp\/v2\/pages\/164\/revisions\/358"}],"wp:attachment":[{"href":"http:\/\/www.kutmon.com\/goldschmiede\/wp-json\/wp\/v2\/media?parent=164"}],"curies":[{"name":"wp","href":"https:\/\/api.w.org\/{rel}","templated":true}]}}